{"id":223,"date":"2025-07-31T13:47:55","date_gmt":"2025-07-31T11:47:55","guid":{"rendered":"https:\/\/compagniedeviation.com\/?page_id=223"},"modified":"2025-07-31T13:52:44","modified_gmt":"2025-07-31T11:52:44","slug":"nova-nova","status":"publish","type":"page","link":"https:\/\/compagniedeviation.com\/?page_id=223","title":{"rendered":"NOVA NOVA"},"content":{"rendered":"\n<figure class=\"wp-block-image size-large\"><img loading=\"lazy\" decoding=\"async\" width=\"1024\" height=\"594\" src=\"https:\/\/compagniedeviation.com\/wp-content\/uploads\/2025\/07\/Nova-Nova-1024x594.jpeg\" alt=\"\" class=\"wp-image-225\" srcset=\"https:\/\/compagniedeviation.com\/wp-content\/uploads\/2025\/07\/Nova-Nova-1024x594.jpeg 1024w, https:\/\/compagniedeviation.com\/wp-content\/uploads\/2025\/07\/Nova-Nova-300x174.jpeg 300w, https:\/\/compagniedeviation.com\/wp-content\/uploads\/2025\/07\/Nova-Nova-768x446.jpeg 768w, https:\/\/compagniedeviation.com\/wp-content\/uploads\/2025\/07\/Nova-Nova-500x290.jpeg 500w, https:\/\/compagniedeviation.com\/wp-content\/uploads\/2025\/07\/Nova-Nova.jpeg 1492w\" sizes=\"auto, (max-width: 1024px) 100vw, 1024px\" \/><\/figure>\n\n\n\n<p><strong>Cr\u00e9ation musicale pour voix, gamelan, percussion contemporaine et traitement \u00e9lectroacoustique<\/strong><\/p>\n\n\n\n<div class=\"wp-block-media-text is-stacked-on-mobile\"><figure class=\"wp-block-media-text__media\"><img loading=\"lazy\" decoding=\"async\" width=\"573\" height=\"378\" src=\"https:\/\/compagniedeviation.com\/wp-content\/uploads\/2025\/07\/Diapositive23.jpeg\" alt=\"\" class=\"wp-image-228 size-full\" srcset=\"https:\/\/compagniedeviation.com\/wp-content\/uploads\/2025\/07\/Diapositive23.jpeg 573w, https:\/\/compagniedeviation.com\/wp-content\/uploads\/2025\/07\/Diapositive23-300x198.jpeg 300w, https:\/\/compagniedeviation.com\/wp-content\/uploads\/2025\/07\/Diapositive23-455x300.jpeg 455w\" sizes=\"auto, (max-width: 573px) 100vw, 573px\" \/><\/figure><div class=\"wp-block-media-text__content\">\n<p>Quatre musiciens partagent une sc\u00e9nographie musicale in\u00e9dite.Compositions, voix, textes, percussions et\u00a0\u00e9lectro acoustique de et par :Elisabeth Gilly, Pierre Luzy, Alain Mignon,\u00a0Nicolas Zanlonghi.<\/p>\n<\/div><\/div>\n\n\n\n<p><\/p>\n","protected":false},"excerpt":{"rendered":"<p>Cr\u00e9ation musicale pour voix, gamelan, percussion contemporaine et traitement \u00e9lectroacoustique Quatre musiciens partagent une sc\u00e9nographie musicale in\u00e9dite.Compositions, voix, textes, percussions et\u00a0\u00e9lectro acoustique de et par :Elisabeth Gilly, Pierre Luzy, Alain Mignon,\u00a0Nicolas Zanlonghi.<\/p>\n","protected":false},"author":1,"featured_media":0,"parent":0,"menu_order":0,"comment_status":"closed","ping_status":"closed","template":"","meta":{"footnotes":""},"class_list":["post-223","page","type-page","status-publish","hentry"],"_links":{"self":[{"href":"https:\/\/compagniedeviation.com\/index.php?rest_route=\/wp\/v2\/pages\/223","targetHints":{"allow":["GET"]}}],"collection":[{"href":"https:\/\/compagniedeviation.com\/index.php?rest_route=\/wp\/v2\/pages"}],"about":[{"href":"https:\/\/compagniedeviation.com\/index.php?rest_route=\/wp\/v2\/types\/page"}],"author":[{"embeddable":true,"href":"https:\/\/compagniedeviation.com\/index.php?rest_route=\/wp\/v2\/users\/1"}],"replies":[{"embeddable":true,"href":"https:\/\/compagniedeviation.com\/index.php?rest_route=%2Fwp%2Fv2%2Fcomments&post=223"}],"version-history":[{"count":4,"href":"https:\/\/compagniedeviation.com\/index.php?rest_route=\/wp\/v2\/pages\/223\/revisions"}],"predecessor-version":[{"id":230,"href":"https:\/\/compagniedeviation.com\/index.php?rest_route=\/wp\/v2\/pages\/223\/revisions\/230"}],"wp:attachment":[{"href":"https:\/\/compagniedeviation.com\/index.php?rest_route=%2Fwp%2Fv2%2Fmedia&parent=223"}],"curies":[{"name":"wp","href":"https:\/\/api.w.org\/{rel}","templated":true}]}}